e the highest common divisor of 19709424 and 128.
16
What is the highest common factor of 47191 and 850589?
1151
Calculate the highest common divisor of 1988631 and 18.
9
Calculate the highest common factor of 17325 and 390757675.
1925
Calculate the greatest common divisor of 272508480 and 48.
48
Calculate the highest common factor of 299991 and 719473.
361
What is the highest common factor of 5170 and 1039358?
94
Calculate the greatest common factor of 66288 and 14736.
48
What is the greatest common divisor of 4953 and 43312461?
381
Calculate the highest common factor of 2832838 and 29638.
146
Calculate the greatest common factor of 2520 and 153558720.
2520
What is the greatest common divisor of 6140 and 3922232?
1228
Calculate the highest common divisor of 979 and 2052391.
11
Calculate the greatest common divisor of 653462 and 17283.
823
Calculate the highest common divisor of 136495 and 95.
5
Calculate the greatest common factor of 243 and 9109.
1
Calculate the highest common divisor of 242 and 29220884.
22
What is the greatest common divisor of 100 and 6203900?
100
What is the highest common divisor of 40859280 and 7854?
462
Calculate the greatest common divisor of 23590 and 198149260.
3370
Calculate the greatest common factor of 3030 and 236982360.
3030
What is the greatest common divisor of 7350720 and 40?
40
What is the highest common factor of 188437752 and 2916?
2916
What is the greatest common factor of 1564976 and 4361?
623
Calculate the greatest common divisor of 39374 and 1060.
2
What is the highest common divisor of 69403050 and 290?
10
What is the highest common factor of 9651335 and 10?
5
What is the highest common factor of 66017378 and 938?
938
Calculate the highest common divisor of 38 and 316964327.
19
What is the highest common divisor of 136899112 and 2072?
2072
What is the greatest common divisor of 1067919904 and 32?
32
What is the greatest common divisor of 445599 and 21483?
693
What is the greatest common divisor of 9088 and 371472?
1136
What is the highest common divisor of 77428 and 30834212?
5956
What is the greatest common factor of 145976 and 7269264?
568
Calculate the greatest common factor of 7075146 and 52338.
4758
What is the highest common factor of 842 and 59235963?
421
Calculate the greatest common factor of 25780 and 3307574.
2578
Calculate the highest common factor of 256762 and 59290.
242
What is the highest common divisor of 312 and 6982056?
24
What is the highest common factor of 1537385 and 950?
95
Calculate the highest common factor of 168828 and 3803448.
132
What is the highest common factor of 1281540 and 19500?
780
What is the highest common divisor of 18342 and 226?
2
Calculate the greatest common factor of 5296734 and 3358.
146
What is the greatest common divisor of 18873375 and 45?
15
Calculate the greatest common divisor of 33457824 and 3933.
207
What is the highest common divisor of 16980 and 293745?
15
What is the greatest common factor of 561 and 18473373?
51
Calculate the highest common factor of 3997868 and 28924.
28
What is the greatest common divisor of 177 and 1176047?
59
What is the greatest common divisor of 672 and 30072?
168
What is the highest common factor of 762 and 4234053?
381
Calculate the greatest common divisor of 7693 and 58561.
157
What is the greatest common divisor of 103215 and 2100?
105
Calculate the highest common divisor of 9474876 and 36.
36
Calculate the highest common factor of 14 and 36904861.
7
What is the highest common divisor of 208 and 2129680?
16
Calculate the greatest common divisor of 50330084 and 28.
28
What is the highest common divisor of 1694709 and 184?
23
Calculate the greatest common factor of 1086 and 279852.
6
What is the highest common divisor of 1643 and 20978036?
53
Calculate the highest common divisor of 9 and 21014046.
9
Calculate the highest common divisor of 9268 and 295049097.
2317
What is the highest common divisor of 1427 and 62923565?
1427
What is the highest common factor of 532095 and 97185?
285
Calculate the greatest common factor of 9180 and 19933452.
1836
Calculate the greatest common divisor of 172602 and 23192.
446
Calculate the highest common factor of 153 and 441847.
17
What is the greatest common divisor of 9300 and 294900?
300
Calculate the highest common divisor of 1661984 and 44589.
167
Calculate the greatest common divisor of 2422128 and 1068.
12
What is the highest common divisor of 21722404 and 37?
37
Calculate the greatest common divisor of 17 and 200279.
1
What is the highest common factor of 93262223 and 349?
349
Calculate the greatest common factor of 21686 and 107794910.
3098
Calculate the greatest common divisor of 36404 and 1577.
19
Calculate the greatest common divisor of 66 and 1674561867.
33
Calculate the highest common divisor of 27939758 and 3352.
838
What is the greatest common divisor of 149384 and 782162?
526
Calculate the greatest common divisor of 2907808 and 1513.
89
Calculate the greatest common factor of 71626 and 3383418.
1214
Calculate the greatest common divisor of 2136 and 3251704.
712
Calculate the highest common factor of 80 and 332319320.
40
Calculate the greatest common divisor of 1140 and 23658420.
1140
What is the greatest common divisor of 1402583 and 11102?
91
What is the highest common divisor of 48 and 7852248?
24
Calculate the greatest common factor of 203873838 and 12123.
1347
What is the highest common divisor of 809886 and 25883?
11
Calculate the greatest common factor of 553 and 1120536.
79
What is the greatest common factor of 152607611 and 2041?
2041
Calculate the greatest common divisor of 1991 and 9182833.
11
What is the greatest common factor of 73536 and 36192?
96
What is the highest common divisor of 57539270 and 30?
10
What is the highest common factor of 5252 and 628?
4
Calculate the greatest common divisor of 3652024 and 29.
1
What is the highest common factor of 9662953 and 1700?
17
What is the highest common divisor of 73498 and 5?
1
What is the greatest common divisor of 3005078 and 248?
62
Calculate the highest common divisor of 670902012 and 396.
396
What is the highest common divisor of 17560 and 485095?
2195
What is the greatest common divisor of 4048 and 28750161?
253
What is the highest common divisor of 29419127 and 1983?
661
What is the greatest common factor of 2848 and 23113834?
178
What is the greatest common factor of 39948 and 281508?
12
What is the highest common factor of 2220 and 2397156?
444
Calculate the greatest common divisor of 486 and 144905031.
243
Calculate the greatest common factor of 1114136 and 4000.
8
What is the greatest common divisor of 375257090 and 260?
130
Calculate the greatest common factor of 999 and 300468786.
111
What is the highest common factor of 20739 and 794933?
31
What is the highest common divisor of 157701064 and 1713?
571
What is the greatest common divisor of 2062691 and 436904?
4201
Calculate the highest common factor of 344 and 46052914.
86
What is the greatest common factor of 1575594 and 9690?
1938
What is the highest common factor of 20109914 and 1166?
22
Calculate the greatest common factor of 378 and 23449146.
42
What is the highest common factor of 27 and 9274230?
27
Calculate the highest common factor of 123577 and 562113.
191
What is the highest common divisor of 6330 and 633976930?
2110
What is the highest common divisor of 14 and 23228394?
14
What is the greatest common factor of 940 and 10267996?
188
Calculate the highest common factor of 336 and 344841.
21
Calculate the greatest common divisor of 1722 and 4129076.
14
Calculate the highest common factor of 18283473 and 117.
117
Calculate the highest common divisor of 2385964 and 28.
28
Calculate the greatest common divisor of 1817941 and 1396.
349
What is the highest common divisor of 1067303 and 3698?
43
What is the highest common factor of 11 and 50747092?
11
Calculate the highest common divisor of 12304 and 1046609.
769
What is the greatest common factor of 525530 and 660?
10
Calculate the greatest common divisor of 16733883 and 1.
1
Calculate the greatest common divisor of 45152 and 1293173.
17
What is the highest common divisor of 286882872 and 17682?
2526
Calculate the highest common factor of 155951 and 13019.
277
What is the highest common fa